 tens digit of 3 + -5 - (-165 + 0)?
6
Suppose -2*y + 16 - 6 = 0. What is the units digit of y/(10/(-4)) + 28?
6
Let j be 9/15 + (-17)/(-5). Suppose -j*r + 21 = -3*r. What is the units digit of r?
1
Let u(v) = v + 9. Let y be u(-5). Let c(k) = -k - 11. Let z be c(-13). Suppose -z*f + 6 = -y. What is the units digit of f?
5
Suppose -2*u = 3*o + 2*u - 55, -14 = -o + 3*u. What is the units digit of o?
7
Let j(o) = -o**3 + o + 2. Let f be j(-4). Suppose 0 = -6*g + f + 64. What is the units digit of g?
1
Let v(o) = -11*o + 4. What is the tens digit of v(-4)?
4
Suppose -b - 2*i = 4, 4*b + 0*b - 3*i - 6 = 0. Suppose -4*d + d + 2*p + 4 = b, -5*d + 9 = -p. What is the units digit of d?
2
Suppose 4*y + f - 255 = 0, 3*y + 0*f + f - 192 = 0. What is the units digit of y?
3
Suppose 0 = 5*w + 8 + 2. What is the units digit of (5/w)/((-15)/36)?
6
Let y(m) = -m**2 + 2*m - 1. Suppose s + 0*s - 20 = -5*k, 4*s = 3*k + 11. Let h be y(k). Let g(v) = v**3 + 3*v**2 - 5*v - 3. What is the units digit of g(h)?
1
What is the units digit of (-2 + 0)*(-245)/14?
5
Suppose 15 = q + 5*v, -2*q = q - 3*v - 9. Let g(j) = j**2 - 3*j. Let l be g(3). Suppose l = -o + 2*o - q. What is the units digit of o?
5
Suppose 20 - 64 = -4*c. Let i = c - 8. Suppose -2 = i*s - 11. What is the units digit of s?
3
Let k be 38 - 6/(-9)*3. Suppose -7*o + 2*o - k = 0. Let b = o - -20. What is the units digit of b?
2
Suppose -z - 3 + 6 = 0. Suppose -9 = -z*r + 6. What is the units digit of r?
5
Suppose 39 - 16 = d + 5*u, 0 = -d - u + 31. What is the units digit of d?
3
Suppose 0*c = -3*c + 438. What is the hundreds digit of c?
1
Suppose -30 = -v - 5*a - 0*a, v = -2*a + 15. Suppose 0*c = -v*c + 35. What is the units digit of c?
7
Let c = -10 - -15. Suppose -4*s - 2*k + 206 = s, 0 = -c*s - 4*k + 212. What is the tens digit of s?
4
Let v = 146 + -78. What is the units digit of v?
8
What is the units digit of (20/12)/((-2)/(-6))?
5
Let d be (2/(-6))/((-5)/(-15)). Let m = 4 + d. Suppose m = 2*t + g, -t + 6*t - 2*g = 30. What is the units digit of t?
4
Let d be (-2)/8 + 831/12. What is the units digit of d/6 + 2/4?
2
Suppose 3*z - 9 - 3 = 0. Suppose -z*c + c + 54 = 0. What is the units digit of c?
8
Let q(p) = -p**3 - 13*p**2 + 12*p - 16. Let o be q(-14). What is the tens digit of 225/o - 1/(-4)?
1
Let s(i) = i + 6. Let p(r) = -1. Let d(n) = 2*p(n) + s(n). Let j(k) = k - 1. Let c be j(5). What is the units digit of d(c)?
8
Suppose -64 - 16 = -5*j. Suppose 0*z + j = 4*z, -2*z - 16 = -3*g. What is the units digit of g?
8
Let g be (-52)/(-10) + 1/(-5). Let t = g - 3. What is the tens digit of 84/t*(-6)/(-18)?
1
Let b = 5 - 0. Suppose -r = -d - 26, -99 = -0*r - 4*r + b*d. What is the tens digit of r?
3
Suppose a - 6*l = -l + 188, 5*l + 391 = 2*a. What is the units digit of a?
3
Let z(c) = -c**3 - c**2 - c - 13. Let q(g) = g**3 + g**2 + g + 13. Let b(h) = -5*q(h) - 6*z(h). Let d = 0 + 0. What is the units digit of b(d)?
3
Let q(r) = -r + 3. What is the units digit of q(0)?
3
Suppose -1 = 2*v + 1. Let l = 2 - v. Let x = l + 2. What is the units digit of x?
5
Let d = 11 + -8. Suppose 3*s - 2*r + 30 = -s, s + d*r = 10. Let h(f) = -f - 3. What is the units digit of h(s)?
2
Let k(p) = -2*p + 1. Let w be k(-4). Let s = w - -19. What is the tens digit of s?
2
Let w(m) = m**2 - m + 5. What is the units digit of w(0)?
5
Let h(s) = -5*s - 5. Let k be 1 + 2*27/(-6). What is the tens digit of h(k)?
3
Let k = -1 + 3. Suppose 6*c - 4*c = k. What is the units digit of c?
1
Let v(p) = -18*p + 5. What is the tens digit of v(-3)?
5
What is the tens digit of -6 + 3 + 66/2?
3
What is the units digit of -1 + 5 - 0/(-9)?
4
Suppose 0 = 4*c - 28 - 64. What is the tens digit of c?
2
Let l(j) = -j**2 - 6*j + 4. Let k be l(-6). Let t = k - -7. What is the units digit of t?
1
Suppose 0 = 2*w - 3*w + 2*n + 9, -5*w = -4*n - 33. Suppose -4*h - 22 = -w*j - 3*h, -4*j = -h - 17. Suppose -55 = -j*r + 5. What is the units digit of r?
2
Let p = 76 + -42. What is the tens digit of p?
3
Let d be ((-2)/(-4)*14)/1. Let s = d - 10. What is the units digit of s/6*(-8)/2?
2
What is the units digit of 1/(((-8)/(-20))/2)?
5
Suppose 0 = -3*k + 3, -5*k + 16 = -4*w + 67. What is the tens digit of w?
1
Let x = -32 + 12. Let g = 32 + x. What is the units digit of g?
2
Let a = -2 + 2. Suppose -k - 5*f - 8 = a, 7*f + 13 = -3*k + 3*f. What is the units digit of 5/(1/(-3)*k)?
5
Let f(u) = -u**3 + 6*u**2 + u - 3. Let q be f(6). Let o(v) = 3*v - v - 2 + q*v. What is the units digit of o(2)?
8
Let c = -19 - -31. What is the tens digit of c?
1
Let j = 3 + -1. What is the units digit of j/(-3) - (-42)/9?
4
Let y = 4 + 7. What is the units digit of y?
1
Let a(i) = -5*i - 6. Let j be a(-6). Let m = j + -14. What is the units digit of m?
0
Suppose -5*s - 10 - 15 = 5*y, -19 = 3*y + 2*s. Let v = y + 15. What is the units digit of v?
6
Suppose -3*j = -4*j + 2*y + 214, 5*j - 1025 = -5*y. What is the units digit of j?
8
Let o(u) = -u**3 - 12*u**2 + u + 14. Suppose -w + 16 = 3*w. Suppose -5*v - 12 - 46 = w*d, 5*v = -10. What is the units digit of o(d)?
2
Let o(c) = c**2 + c. Let v be o(-2). Suppose -18*m = -15*m - 3. Let g = v + m. What is the units digit of g?
3
What is the tens digit of 8*(-4 - 305/(-10))?
1
Let q(v) = 5*v**3 - 3*v**2 - v + 2. What is the units digit of q(2)?
8
Let a be 3 - (2 - (3 - 1)). What is the tens digit of 6*(a - 3/6)?
1
Let g(m) = -m**3 - 6*m**2 - 6*m - 6. Let b be g(-5). Let i(o) = -1. Let z(w) = 9*w**2 + w + 2. Let q(h) = i(h) + z(h). What is the units digit of q(b)?
9
Let p(o) = -7*o**3 - o**2 + o - 2. What is the units digit of p(-2)?
8
Let l be (-2 - -1)/(2/(-114)). Suppose 0*d - l = -3*d. What is the units digit of d?
9
Let z = 9 - -66. Suppose 4*h - z = -7. Suppose -y = -0*y - h. What is the units digit of y?
7
Let p(i) = -5*i - 14. What is the units digit of p(-17)?
1
Suppose 2*b - 4*i = 6*b - 4, 2*i + 1 = b. Suppose -7 = -n - b. What is the units digit of n?
6
Let c(t) = t**3 + 15*t**2 - 9*t - 7. Let f(i) = i**2. Let s(u) = -c(u) + 3*f(u). What is the units digit of s(-13)?
9
What is the units digit of 6 + (-4)/2 + 4?
8
Let c(r) = 10*r. What is the units digit of c(7)?
0
Suppose -38 = -3*t - 8. Let d = t - 2. What is the units digit of d?
8
Suppose 2*p + 2*x + 30 = 7*p, -4*p + 2*x = -26. Suppose p*r + 12 = 132. What is the units digit of r?
0
Suppose 0 = -h + 2*a + 21, h + 25 = 2*h + 2*a. Suppose 0 = -4*i + 87 - h. What is the tens digit of i?
1
Let y(g) = g + 25. What is the tens digit of y(0)?
2
What is the units digit of ((-616)/21)/(2/(-3))?
4
Suppose 2*m + 2 = 0, 5*d - m = -0*m + 91. What is the tens digit of d?
1
Suppose 3*i = 4*q - 2*i + 12, 0 = 5*q + i - 14. What is the units digit of q?
2
Let u(w) = -w**2 + 6*w + 5. Let l(j) = -j + 1. Let x be l(-5). Let k be u(x). Suppose 4*n + 4 = 2*q, -3*n + 2*n = -k*q + 19. What is the units digit of n?
1
Let h(f) = f**2 + 19*f - 29. What is the units digit of h(-21)?
3
Let v(w) = w - 3. Let i(p) = -2*p + 4. Let a(n) = 5*i(n) + 8*v(n). Suppose 0 = -2*g - 8. What is the units digit of a(g)?
4
Let q(n) = -n - 2. Suppose -3*j = 2*m + 15, -1 = -2*j - 3*m - 2*m. Let u be q(j). Suppose -40 = -u*f - 0*f. What is the units digit of f?
8
Suppose -2*n - 29 = -5*n + 4*y, 2*n - 20 = 3*y. Let h = n + -12. Let b = 13 - h. What is the units digit of b?
8
Let w(y) = -y**3 + y**2 + y + 4. Let d(u) = u**2 + 1. Let v(a) = -3*d(a) - w(a). What is the units digit of v(5)?
3
Suppose 0 = -n - 0 + 6. What is the units digit of n?
6
Let a(c) = -c**2 - 5*c - 3. Let x be a(-5). What is the units digit of 6/7*(-63)/x?
8
Let b = 103 + -43. Suppose 6*r - b = 3*r. What is the units digit of r?
0
Let i(f) be the third derivative of -f**6/60 - f**5/30 - f**4/24 - f**3/3 - 3*f**2. What is the units digit of i(-2)?
8
Let y(u) = u**2 + 13*u - 13. What is the units digit of y(-15)?
7
Let f(t) = -30*t - 7. What is the tens digit of f(-2)?
5
Let j be 57/11 + 4/(-22). Suppose -5*y - 5*f + 3 + 22 = 0, -j*y = 2*f - 22. Suppose 2*r - 24 - y = 0. What is the units digit of r?
4
Suppose x - 87 = -4*y + 83, 6 = 2*y. What is the units digit of x?
8
Let y(i) = 5*i**3. Let z be y(1). Suppose 3*a + p + 16 = z*a, -3*p = 3*a - 6. What is the units digit of a?
6
Let z = -35 - -61. Suppose -4*i = -i + 2*b - 28, 2*i + 5*b = z. What is the units